 ((-4)/6)/(7/j). What is the greatest common factor of v and 35?
35
Let c = -4298 - -11998. What is the highest common divisor of 77 and c?
77
Let l = -147 + 231. Suppose 4*h + 4*n = l, 5*h - 63 = h + 3*n. Suppose -p + 88 = -56. What is the greatest common divisor of h and p?
18
Suppose 177*x - 194*x = -481 - 12235. Calculate the highest common factor of x and 44.
44
Let g = -20080 + 26464. Calculate the highest common divisor of 84 and g.
84
Let z(v) = -22*v - 4 + 10*v - v**2 - 8*v. Let a be z(-11). Calculate the greatest common divisor of a and 5.
5
Suppose 0 = -45*x + 3174 - 654. Calculate the highest common factor of x and 39704.
56
Suppose 2880 = -5*w + 2665. Suppose 2*c - 18 = 4*s, 0 = -2*s - 2*c - 0*c - 6. Let u = s - w. Calculate the greatest common divisor of 13 and u.
13
Suppose -2*u - 2*c + 42 = 0, 2*u + 0*c - c = 51. Suppose -3*k - u + 36 = 0. Suppose 0*l - k*l = -20. What is the greatest common divisor of 10 and l?
5
Suppose 13*o + 18 = 10*o. Let c be (8/(-6))/((9 + o)/(-9)). Calculate the greatest common divisor of c and 3.
1
Suppose 0 = 145*f - 127*f - 18414. Let x = f - 173. What is the highest common divisor of 10 and x?
10
Let b be 5/2*96/20. Suppose -3*d + 4 = -3*x + 13, 5*x - b = 2*d. Let n be ((-1)/2)/((-3)/48). Calculate the highest common factor of x and n.
2
Let j(s) = -62*s**2 + 162*s - 6. Let f be j(2). What is the greatest common divisor of 1365 and f?
35
Suppose 6*g - 27 - 27 = 0. Let x be -27*(12/16)/(9/(-8)). Suppose -x = -3*i - g. Calculate the greatest common divisor of 2 and i.
1
Let r = 1071 - 317. Calculate the highest common factor of r and 104.
26
Suppose -3*o + 3*m + 79 + 29 = 0, 0 = 3*o + 2*m - 118. Calculate the greatest common factor of 817 and o.
19
Suppose 3*q = -s + 27, -5*q = 4*s - q - 108. Let o = -15 - -23. Suppose -70 = -o*a + 3*a - 5*n, 5*n = a + 16. What is the greatest common factor of s and a?
9
Suppose 0*j + 5*j = -5*u + 440, -2*u = -4*j + 364. Calculate the highest common factor of 288 and j.
18
Let s = 36609 + -34994. What is the greatest common divisor of s and 2945?
95
Let j(x) = -x**2 + 18*x - 5. Let a be j(7). What is the greatest common factor of 24 and a?
24
Let f = 27265 + -21757. What is the highest common divisor of f and 765?
153
Let g be (-6 - 560/15)*36/(-15). Suppose 0 = 99*v - g*v + 135. Calculate the highest common divisor of 117 and v.
9
Let p(h) = 575*h**2 + 2*h + 1. Let q be p(-1). Suppose -r + q = f, -4*f - 5*r + 1726 = -f. What is the highest common divisor of 44 and f?
44
Let s be (-2 - (80/7)/(-8))/(10/(-42980)). What is the greatest common divisor of s and 24?
8
Let c(z) = 11*z**2 + 11*z + 13. Let y(g) = 11*g**2 + 12*g + 12. Let n(x) = 5*c(x) - 4*y(x). Let w be n(-4). What is the highest common factor of 22 and w?
11
Suppose 34*x - 27*x = 14. Let n be (-53)/(-6) + (-1)/(-6). What is the greatest common divisor of x and n?
1
Let m be 13 - 2/(8/(-2908)). What is the greatest common factor of 260 and m?
20
Let q = 59 + 127. Suppose -9*y = -30 - q. Let w(d) = d**2 - 3*d - 4. Let v be w(5). Calculate the greatest common divisor of v and y.
6
Suppose -4*i = 2*q - 48, -q = -3*i - 6*q + 50. Let u be i + (58/(-15) - 4/30). Calculate the greatest common divisor of u and 8.
2
Suppose 1038*l = 4*a + 1039*l - 1149, -3*l = 4*a - 1135. Suppose 2*z + 3*z - 4*t = 93, -5*t - 78 = -4*z. What is the highest common factor of z and a?
17
Suppose 42 = 2*i - 2*l, -3*i - 2*i + 4*l = -104. What is the greatest common divisor of 2180 and i?
20
Let j(x) = 14*x**3 + 2*x**2 + 4*x - 3. Let f be j(2). Suppose -4*l + 4*d - 6*d = -102, 3 = 3*d. What is the greatest common divisor of f and l?
25
Let a = 116897 - 116705. Let k = 41 - 17. Calculate the greatest common factor of a and k.
24
Let u = 123 + -123. Let q(r) = 5*r**2 - r + 7. Let n be q(u). What is the highest common divisor of 28 and n?
7
Let h be (9 + -25)*2/6*-3. Let u(b) = 18*b - 106. Let s be u(h). Calculate the highest common divisor of 14 and s.
14
Suppose -2*n + 12 - 4 = 0. Suppose 0 = 2*r + n*c - 6*c - 36, -r - 3*c = 2. Let z = 180 + -37. What is the highest common divisor of r and z?
13
Suppose f = -5*u - 263, -2 - 6 = 4*u. Let g = -237 - f. What is the greatest common factor of 64 and g?
16
Let g be -3 + (-4 - -868) + -1 + -2. Let d = g + -529. Calculate the highest common divisor of 47 and d.
47
Suppose -2*g + 4*f - 12 = -0*f, g + 8 = f. Let b(c) = c**3 + 14*c**2 + 2*c - 114. Let x be b(g). What is the highest common divisor of 14 and x?
14
Let b(d) = -23*d - 285. Let s be b(-15). Suppose -64*y = -s*y - 1564. Calculate the highest common factor of 17 and y.
17
Let s(b) = 4*b - 12. Let i be s(5). Suppose -4*t = i, 2*t = 2*o - o - 14. Let h(j) = 15*j. Let x be h(6). What is the greatest common divisor of x and o?
10
Suppose -7*a = -153 + 468. Let r be (-166)/(-10) - ((-342)/a + -7). Let d = -18 - -130. What is the greatest common divisor of d and r?
16
Suppose 0 = v + 4*v - 75. Suppose -3*a + 1998 = 4*c + 1586, 2*a - 2*c = 214. What is the greatest common factor of a and v?
15
Let z(o) be the second derivative of 13*o**3/6 - 217*o**2/2 + 106*o. Let a be z(25). Calculate the greatest common divisor of 27 and a.
27
Suppose -5*r + 478 = -2*n, 229 = 4*r + 3*n - 158. Suppose 64 - 22 = 3*g. Let y be 1*g*36/42. Calculate the highest common factor of y and r.
12
Let j be (-1377)/(-204)*568/6. What is the greatest common factor of j and 27?
9
Let j be (337 - 29)/(5/5). Calculate the greatest common divisor of j and 1484.
28
Suppose 4*b = 16, 16*q = 17*q - 4*b - 278. Calculate the highest common divisor of q and 490.
98
Suppose -5*v - 4*s + 15505 = 5126, -4112 = -2*v + 5*s. What is the greatest common divisor of 327 and v?
109
Suppose -2243 = -5*i - 2*o + 712, -i - 5*o + 614 = 0. Let p = -237 + i. Let m be (-2)/(-4) + 14*(-63)/(-28). What is the greatest common divisor of m and p?
32
Suppose -7*c + 24 = -c. Suppose -3*b - i + 9 = -c*i, -3*i + 15 = 0. Let r be (4/b)/((-1)/(-97 + 1)). What is the highest common divisor of r and 36?
12
Let o(v) = -15*v**2 - 47*v + 11. Let f(p) = -3*p**2 - p + 1. Let m(y) = 6*f(y) - o(y). Let h be m(9). What is the greatest common divisor of 44 and h?
11
Let q = -34 - -36. Suppose -5*i = -q*a - 146, 3*i - 4*a - 125 = -29. Calculate the greatest common factor of i and 308.
28
Suppose 0 = -19*s + 14*s + 30. Let z be (1719/(-18))/((-3)/s). Suppose -4*v + 831 = z. Calculate the greatest common factor of v and 20.
20
Suppose -4*h - h = 80. Let v be (23 + -4)/(9 + -8). Let a = h + v. Calculate the greatest common divisor of 6 and a.
3
Suppose -5*z + 86 = 81, -4*z = 5*d - 169. Calculate the greatest common divisor of 759 and d.
33
Let s(x) = 119*x**2 - 1665*x - 2. Let h be s(14). Suppose -63 = -v + j, 0 = -2*j + 2 + 4. What is the greatest common divisor of h and v?
6
Let r be (-6)/(-2)*2 + -24 + 93. Let x = -28 + 328. What is the highest common factor of x and r?
75
Suppose 188*z - 189*z + 343 = -3*x, -5*z + 4*x = -1748. What is the highest common factor of z and 1312?
32
Let b be (-1706)/(-18) + ((-3629)/(-171) - 21). What is the greatest common divisor of b and 1349?
19
Let c be 3*(835/87 + -2 + (-292)/(-4234)). Let r = 24 + 298. What is the greatest common divisor of r and c?
23
Suppose 13*s - 33*s + 40 = 0. Suppose -11*n + 15*n - 4*m - 80 = 0, 0 = s*m. What is the highest common factor of n and 10?
10
Let k(u) = -17*u**3 - 2*u**2 - 7*u - 2. Let a be k(-2). What is the highest common factor of 1008 and a?
28
Let m(y) = -y**2 + 4*y + 24. Let w be m(7). Suppose -3*u = -6*q + q + 411, 245 = w*q - u. What is the highest common divisor of 9 and q?
9
Suppose 5*a + 2547 = 3*d, 2*a - 6*a = 3*d - 2574. Calculate the greatest common factor of d and 14.
14
Let f(b) = -b**3 - 4*b**2 + 39*b - 18. Let p be f(-11). What is the highest common divisor of p and 175?
25
Let x = -263 - -299. Let a be (-39 + 0)/(-37 + x). Calculate the highest common factor of a and 6.
3
Suppose 5*w - 21335 = -3*b, -8534 = 18*w - 20*w + b. Calculate the highest common divisor of w and 51.
17
Let g be (1 + (-3 - 16/(-4)))*(69 + -49). What is the greatest common factor of 12260 and g?
20
Suppose 49*x - 66 = 16*x. Suppose 4*n + 1547 = x*d + d, d - 520 = -3*n. Calculate the highest common factor of 47 and d.
47
Let r be (86825/(-46) + 10)*6/(-5). What i